103. Suppose -2*j + 5 = -l + 29, -3*j + u = 4*l. Suppose -l = 3*f - 188. What is the greatest common factor of f and 224?
56
Let i = -16259 - -16279. Calculate the highest common divisor of i and 885.
5
Let m = 1 - 8. Suppose -4*g - 94 + 374 = -152. Let w = g - m. Calculate the highest common factor of 5 and w.
5
Let c = -21342 - -21439. Calculate the highest common divisor of c and 291.
97
Let p = 13244 - 11858. What is the greatest common factor of p and 77?
77
Let b = -52083 - -52179. Let t be -4*(-2)/4 - -102. What is the greatest common factor of b and t?
8
Suppose -6*b + 768 = -276. Let v = 248 - b. Suppose -5*a - 30 = -2*d, -3*a + 0*a - v = -4*d. Calculate the highest common divisor of 160 and d.
20
Let j(g) = 5*g + 19*g**2 - g**3 + 0*g**3 + 696 - 665. Let f be j(19). Let t be (f/(-5))/((-6)/15). What is the greatest common factor of t and 9?
9
Let d be -3 - 1/(-3 + 2) - -24. Let z be ((-13)/2)/((-5)/20). Let r = d + z. What is the highest common factor of 6 and r?
6
Suppose -3*y + 38 = 11. Suppose 3*o = -0*z - 2*z + y, 4*o + z = 17. Suppose 35 = -9*m + 215. Calculate the highest common divisor of m and o.
5
Suppose -3*o + 71 - 80 = 0. Let q be o - (9/12 - (-429)/(-12)). Suppose 3*l - q = -2*s + 8, -l - 4 = 5*s. Calculate the greatest common factor of 128 and l.
16
Let k be (186 - (5 - -2))*4. Let q = k - 513. Calculate the greatest common factor of q and 116.
29
Let n(b) be the second derivative of -b**3/2 - 13*b**2/2 + 17*b. Let y be n(-12). Let r be 1 + 1 + y + 7. Calculate the highest common divisor of 352 and r.
32
Let s = 812 - 545. Let f(g) = -6*g**2 + 118*g + 18. Let q be f(21). Let k = s + q. What is the highest common factor of k and 13?
13
Suppose -2*c - 5 = 3*l + 2*c, c = 4*l - 25. Suppose 5*b - l*x = 90, -5*x + 5 + 5 = 0. Calculate the highest common divisor of 140 and b.
20
Suppose -14*k + 260 = -9*k. Suppose -k*l - 110 = -62*l. Calculate the highest common divisor of l and 242.
11
Let x = 228 + -151. Suppose 0 = -122*b + 129*b + 105. Let g be 56/(-70) + (-117)/b. Calculate the greatest common divisor of x and g.
7
Let u(b) = -484*b - 5668. Let s be u(-12). What is the greatest common factor of s and 3110?
10
Suppose -2*n = 4, -5*h - 3 = 2*n + 56. Let s(q) = 2*q**2 + 21*q + 71. Let y be s(h). What is the greatest common divisor of y and 123?
41
Let a(c) = -c**3 + 53*c**2 - 92*c + 634. Let t be a(39). Calculate the highest common divisor of t and 140.
140
Let s be (66/4)/(1/2). Let l(k) = -2*k**2 - 28*k + 37. Let g be l(-15). Let z be (-12)/(-14)*g - -159. Calculate the greatest common divisor of s and z.
33
Let t(d) = d**2 + 7*d - 841. Let g be t(-33). What is the greatest common factor of 1581 and g?
17
Let f(a) = -398*a + 1265. Let p be f(3). What is the greatest common divisor of p and 13632?
71
Let z = -5252 - -5308. Calculate the greatest common factor of z and 952.
56
Let r(v) be the third derivative of v**5/20 - 7*v**4/4 - 7*v**3/2 - 60*v**2. Let f be r(15). Calculate the greatest common factor of f and 9.
3
Suppose 5*g = 3*n - 164 + 654, 4*g - 370 = -2*n. Let w be (700/840)/(1/6). What is the highest common factor of w and g?
5
Let a(o) = -8*o**2 + 88*o + 4. Let w = 888 - 877. Let p be a(w). Let n be (-5*2)/((-1)/2). What is the greatest common divisor of p and n?
4
Let k = 2132 + -1936. What is the greatest common factor of k and 147?
49
Let b be 196/16*4*1. Let c be (-182)/b*21/(-3). Suppose -2*p = 2*r - c, -4*p + 22 = -4*r + 2*r. Calculate the greatest common divisor of p and 64.
8
Let h = -369139 + 369555. Let i be (8/10)/(2/20). What is the greatest common factor of h and i?
8
Let q(l) = 75*l + 5. Let u be q(1). Suppose u = d - 123. Let i = 410 - d. Calculate the greatest common factor of i and 23.
23
Let b(w) = -11*w**2 + 32*w - 3. Let t(u) = -12*u**2 + 33*u - 3. Let i(l) = -3*b(l) + 2*t(l). Let o be i(6). What is the greatest common factor of 14 and o?
7
Suppose -10*t - 1473 = -1553. Let q = 24 + -21. Let p be (-10 + q)*16/(-2). Calculate the greatest common factor of t and p.
8
Suppose 4*s - 33 = -17. Suppose 5 = -v - s*t, -2*v - t = 4*t + 1. Let o be v/(-2)*56/(-4). Calculate the highest common factor of 7 and o.
7
Let k = 1985 + -1900. Suppose 2*j + 4 + 4 = 3*q, 4*j = q + 4. Let s be 0 + (j - 1 - -33). What is the greatest common factor of k and s?
17
Suppose 7*h + 20*h = 297. Suppose 230 = h*j - 331. Calculate the highest common divisor of j and 51.
51
Let i be 0/(-15)*(-3)/(-6)*1. Suppose 31*o + v = 26*o + 896, o - 5*v - 200 = i. Calculate the greatest common factor of 40 and o.
20
Let c(a) = a**3 + 34*a**2 - 54*a + 235. Let b be c(-35). What is the highest common factor of 6975 and b?
225
Suppose 134*o = 68693 + 51667 + 7208. Calculate the greatest common divisor of o and 680.
136
Let j be 119/3 - 2/(-6). Suppose s - 5*b - 14 = -53, -2*b + 66 = -4*s. Let n = j - s. Calculate the greatest common factor of n and 9.
9
Suppose 7*o - 240 = 3*o. Suppose 3*w = 3*b - 1602, 38*w = -5*b + 34*w + 2724. Calculate the highest common factor of b and o.
60
Let o(r) = 266*r + 5783. Let x be o(-19). What is the highest common divisor of 8991 and x?
243
Let f(u) = 4*u**2 - 4*u. Let b be f(3). Suppose 15*l - b*l = -90. What is the greatest common divisor of 250 and l?
10
Let p = -2354 - -2602. What is the greatest common divisor of 16 and p?
8
Let z be -1 - 0 - 6951/1. Let y(k) = 1076*k - 6464. Let q be y(6). Let f be (-2)/q + (z/(-32))/11. Calculate the highest common divisor of f and 220.
20
Let d(k) = -k - 1. Let m be d(-5). Suppose -4*b + 0*b - j = -35, -5*j = b - 4. Suppose s - b*s = -16. What is the greatest common factor of m and s?
2
Let o be (50/4)/((-220)/(-2112)). What is the highest common factor of o and 45?
15
Suppose -5*c = p - 768, 5*p = -c - 7 + 151. What is the greatest common divisor of 4 and c?
2
Let r be (30/8)/((-6)/(-32)). Let h be 12/(-21) - (1 + 25/(-7)). Suppose -3*k - 5*y + 30 = -h*k, y = k - 12. Calculate the greatest common factor of k and r.
5
Let i be (-9)/(-10 + (-6 - -13)). Suppose h = y - 23, -6*y = -2*y + i*h - 113. Calculate the greatest common factor of y and 52.
26
Suppose 0 = -154*v - 330*v + 168432. Calculate the highest common factor of v and 1682.
58
Let i be (-16)/(-40) - (3 - 321/(-15)). Let z be 40/25*(-150)/i. Calculate the greatest common factor of z and 30.
10
Let b = 4 + -4. Suppose b = -t - 3*o + 21 - 1, 0 = -2*t - 4*o + 30. Calculate the highest common factor of t and 25.
5
Suppose 0 = 4*a - 20, 3*d + a + 697 = 4*d. Calculate the greatest common factor of d and 126.
18
Suppose 0 = 4*r - 2*y, 1 = -5*r + y + y. Let p be (-10)/10 + (r - -1). Let a be (p/(-2))/((-1)/(-70)). Calculate the highest common divisor of a and 14.
7
Suppose -29*f + 28*f = 0. Suppose -v - 5*l + 101 = f, 2*l - 148 + 44 = -v. What is the greatest common factor of v and 159?
53
Suppose -129*b + 60*b + 76616 = 88*b. What is the highest common divisor of 305 and b?
61
Let a be (-13)/(-84) + (-42)/(-441) - 36991/(-4). Calculate the highest common divisor of a and 204.
68
Let q(d) = 32*d**2 + 53*d - 348. Let l be q(-24). What is the highest common factor of l and 27?
9
Let c be (-1)/(-7) + (0 - -149)*(-1010)/(-70). What is the highest common factor of 100 and c?
50
Suppose -10 = -3*g - 1. Let r be (4/g)/(1/66). Let w(c) = -5*c**3 - 120*c**2 + 8. Let z be w(-24). What is the greatest common divisor of r and z?
8
Suppose 208*o - 186*o - 264 = 0. Let j = 7 + -1. Let x = 18 + j. What is the highest common factor of x and o?
12
Let t be 6*((-200)/6)/(-2). Let j = -79 + 82. Suppose 172 = j*i + 52. What is the greatest common factor of t and i?
20
Let l(c) = -866*c + 933. Let p be l(-13). Calculate the highest common factor of p and 668.
167
Let f = 204 + -194. Suppose 5*h - f = 0, 5*m + h = 306 + 796. Calculate the greatest common divisor of 88 and m.
44
Let l(x) = x**3 + x**2 + x + 7. Let c be l(0). Suppose -104 = -4*n - 4*t, -70 + 75 = t. What is the greatest common factor of n and c?
7
Suppose 5*x - 2*x + 231 = -4*m, -4*x - 20 = 0. Let r = 74 + m. What is the greatest common divisor of r and 4?
4
Let b(k) = 4328*k**2 + 53*k - 115. Let y be b(2). Calculate the greatest common divisor of y and 13.
13
Let s(r) = -r**2 + 231*r - 2392. Let z be s(11). Calculate the highest common divisor of 966 and z.
14
Suppo